{"id":19885,"date":"2023-10-07T18:09:38","date_gmt":"2023-10-07T16:09:38","guid":{"rendered":"https:\/\/www.doit.hr\/dev\/?page_id=19885"},"modified":"2023-10-28T19:44:57","modified_gmt":"2023-10-28T17:44:57","slug":"pravila-privatnosti","status":"publish","type":"page","link":"https:\/\/www.doit.hr\/dev\/pravila-privatnosti\/","title":{"rendered":"Pravila privatnosti"},"content":{"rendered":"\t\t<div data-elementor-type=\"wp-page\" data-elementor-id=\"19885\" class=\"elementor elementor-19885\">\n\t\t\t\t\t\t\t\t\t<section class=\"elementor-section elementor-top-section elementor-element elementor-element-35f88b1 elementor-section-boxed elementor-section-height-default elementor-section-height-default sc_fly_static\" data-id=\"35f88b1\" data-element_type=\"section\">\n\t\t\t\t\t\t<div class=\"elementor-container elementor-column-gap-extended\">\n\t\t\t\t\t<div class=\"elementor-column elementor-col-100 elementor-top-column elementor-element elementor-element-d6acebd sc_inner_width_none sc_content_align_inherit sc_layouts_column_icons_position_left sc_fly_static\" data-id=\"d6acebd\" data-element_type=\"column\">\n\t\t\t<div class=\"elementor-widget-wrap elementor-element-populated\">\n\t\t\t\t\t\t\t\t<div class=\"elementor-element elementor-element-41f9e51 sc_fly_static elementor-widget elementor-widget-text-editor\" data-id=\"41f9e51\" data-element_type=\"widget\" data-widget_type=\"text-editor.default\">\n\t\t\t\t<div class=\"elementor-widget-container\">\n\t\t\t\t\t\t\t<p>Dobrodo\u0161li na web stranicu &#8220;www.doit.hr&#8221;. Ova politika privatnosti opisuje kako prikupljamo, koristimo, otkrivamo i \u0161titimo va\u0161e osobne podatke. Molimo vas da pa\u017eljivo pro\u010ditate ovu politiku kako biste razumjeli na\u0161e prakse u vezi s va\u0161im osobnim podacima.<\/p>\n<ol>\n<li><strong> Prikupljanje osobnih podataka<\/strong><\/li>\n<\/ol>\n<p>Prikupljamo razli\u010dite vrste osobnih podataka kada koristite na\u0161u web stranicu, uklju\u010duju\u0107i:<\/p>\n<ul>\n<li>Ime<\/li>\n<li>Adresu e-po\u0161te<\/li>\n<li>Adresu za dostavu<\/li>\n<li>IP adresu<\/li>\n<li>Podatke o pregledniku<\/li>\n<li>Kola\u010di\u0107e (cookies) za pra\u0107enje aktivnosti korisnika<\/li>\n<\/ul>\n<ol start=\"2\">\n<li><strong> Svrhe prikupljanja podataka<\/strong><\/li>\n<\/ol>\n<p>Osobne podatke prikupljamo radi sljede\u0107ih svrha:<\/p>\n<ul>\n<li>Obrada narud\u017ebi i dostava proizvoda<\/li>\n<li>Slanje obavijesti i marketin\u0161kih materijala<\/li>\n<li>Personalizacija iskustva korisnika<\/li>\n<li>Analiza statistike web stranice<\/li>\n<\/ul>\n<ol start=\"3\">\n<li><strong> Pravna osnova za prikupljanje<\/strong><\/li>\n<\/ol>\n<p>Prikupljamo osobne podatke na temelju va\u0161e suglasnosti, izvr\u0161avanja ugovora s vama ili zakonske obaveze.<\/p>\n<ol start=\"4\">\n<li><strong> Kori\u0161tenje podataka<\/strong><\/li>\n<\/ol>\n<p>Va\u0161e osobne podatke mo\u017eemo dijeliti s tre\u0107im stranama, uklju\u010duju\u0107i pru\u017eatelje usluga koji nam poma\u017eu u obradi narud\u017ebi, marketing partneri i analiti\u010dke alate. Va\u0161e podatke ne\u0107emo prodavati tre\u0107im stranama.<\/p>\n<ol start=\"5\">\n<li><strong> Sigurnost podataka<\/strong><\/li>\n<\/ol>\n<p>Poduzimamo razumne mjere sigurnosti kako bismo za\u0161titili va\u0161e osobne podatke od neovla\u0161tenog pristupa, gubitka ili zloupotrebe.<\/p>\n<ol start=\"6\">\n<li><strong> Prava korisnika<\/strong><\/li>\n<\/ol>\n<p>Imate pravo zatra\u017eiti pristup, ispravak, brisanje ili prijenos va\u0161ih osobnih podataka. Tako\u0111er mo\u017eete povu\u0107i suglasnost u bilo kojem trenutku.<\/p>\n<ol start=\"7\">\n<li><strong> Rokovi pohrane podataka<\/strong><\/li>\n<\/ol>\n<p>Va\u0161e osobne podatke \u010duvamo onoliko dugo koliko je potrebno za svrhe za koje su prikupljeni. Nakon isteka roka, podaci \u0107e se sigurno izbrisati.<\/p>\n<ol start=\"8\">\n<li><strong> Kola\u010di\u0107i (cookies)<\/strong><\/li>\n<\/ol>\n<p>Koristimo kola\u010di\u0107e za pra\u0107enje aktivnosti korisnika na web stranici. Mo\u017eete upravljati postavkama kola\u010di\u0107a u svom pregledniku.<\/p>\n<ol start=\"9\">\n<li><strong> Kontakt informacije<\/strong><\/li>\n<\/ol>\n<p>Ako imate pitanja ili zabrinutosti o ovoj politici privatnosti, kontaktirajte nas na [<a href=\"mailto:info@doit.hr\">info@doit.hr<\/a>].<\/p>\n<ol start=\"10\">\n<li><strong> Promjene u politici privatnosti<\/strong><\/li>\n<\/ol>\n<p>Ova politika privatnosti mo\u017ee biti povremeno a\u017eurirana kako bismo odra\u017eavali promjene u praksama prikupljanja i obrade podataka. Molimo vas da redovito provjeravate ovu politiku kako biste bili informirani o promjenama.<\/p>\n<p>Ova politika privatnosti primjenjuje se na sve korisnike web stranice &#8220;www.doit.hr&#8221;. Kori\u0161tenjem na\u0161e web stranice, pristajete na prikupljanje i obradu va\u0161ih osobnih podataka sukladno ovom dokumentu.<\/p><p>Posljednje a\u017euriranje: 18. listopada 2023.<br><\/p>\t\t\t\t\t\t<\/div>\n\t\t\t\t<\/div>\n\t\t\t\t\t<\/div>\n\t\t<\/div>\n\t\t\t\t\t\t\t<\/div>\n\t\t<\/section>\n\t\t\t\t\t\t\t<\/div>\n\t\t","protected":false},"excerpt":{"rendered":"<p>Dobrodo\u0161li na web stranicu &#8220;www.doit.hr&#8221;. Ova politika privatnosti opisuje kako prikupljamo, koristimo, otkrivamo i \u0161titimo va\u0161e osobne podatke. Molimo vas da pa\u017eljivo pro\u010ditate ovu politiku kako biste razumjeli na\u0161e prakse&hellip;<\/p>\n","protected":false},"author":1,"featured_media":0,"parent":0,"menu_order":0,"comment_status":"closed","ping_status":"closed","template":"","meta":{"footnotes":""},"class_list":["post-19885","page","type-page","status-publish","hentry"],"_links":{"self":[{"href":"https:\/\/www.doit.hr\/dev\/wp-json\/wp\/v2\/pages\/19885","targetHints":{"allow":["GET"]}}],"collection":[{"href":"https:\/\/www.doit.hr\/dev\/wp-json\/wp\/v2\/pages"}],"about":[{"href":"https:\/\/www.doit.hr\/dev\/wp-json\/wp\/v2\/types\/page"}],"author":[{"embeddable":true,"href":"https:\/\/www.doit.hr\/dev\/wp-json\/wp\/v2\/users\/1"}],"replies":[{"embeddable":true,"href":"https:\/\/www.doit.hr\/dev\/wp-json\/wp\/v2\/comments?post=19885"}],"version-history":[{"count":4,"href":"https:\/\/www.doit.hr\/dev\/wp-json\/wp\/v2\/pages\/19885\/revisions"}],"predecessor-version":[{"id":20011,"href":"https:\/\/www.doit.hr\/dev\/wp-json\/wp\/v2\/pages\/19885\/revisions\/20011"}],"wp:attachment":[{"href":"https:\/\/www.doit.hr\/dev\/wp-json\/wp\/v2\/media?parent=19885"}],"curies":[{"name":"wp","href":"https:\/\/api.w.org\/{rel}","templated":true}]}}