{"id":20055,"date":"2023-11-01T18:57:24","date_gmt":"2023-11-01T17:57:24","guid":{"rendered":"https:\/\/www.doit.hr\/dev\/?page_id=20055"},"modified":"2023-11-04T16:31:58","modified_gmt":"2023-11-04T15:31:58","slug":"audio-i-video-portafonija","status":"publish","type":"page","link":"https:\/\/www.doit.hr\/dev\/nase-djelatnosti\/audio-i-video-portafonija\/","title":{"rendered":"Audio i video portafonija"},"content":{"rendered":"\t\t<div data-elementor-type=\"wp-page\" data-elementor-id=\"20055\" class=\"elementor elementor-20055\">\n\t\t\t\t\t\t\t\t\t<section class=\"elementor-section elementor-top-section elementor-element elementor-element-1122dc3 elementor-section-boxed elementor-section-height-default elementor-section-height-default sc_fly_static\" data-id=\"1122dc3\" data-element_type=\"section\">\n\t\t\t\t\t\t<div class=\"elementor-container elementor-column-gap-extended\">\n\t\t\t\t\t<div class=\"elementor-column elementor-col-100 elementor-top-column elementor-element elementor-element-f2e5786 sc_inner_width_none sc_content_align_inherit sc_layouts_column_icons_position_left sc_fly_static\" data-id=\"f2e5786\" data-element_type=\"column\">\n\t\t\t<div class=\"elementor-widget-wrap elementor-element-populated\">\n\t\t\t\t\t\t\t\t<div class=\"elementor-element elementor-element-a2d184d sc_fly_static elementor-widget elementor-widget-text-editor\" data-id=\"a2d184d\" data-element_type=\"widget\" data-widget_type=\"text-editor.default\">\n\t\t\t\t<div class=\"elementor-widget-container\">\n\t\t\t\t\t\t\t<p>Portafonski sustavi su komunikacijski sustavi koji omogu\u0107uju komunikaciju izme\u0111u osoba na razli\u010ditim to\u010dkama, poput vrata ili ulaza u zgradu.<\/p>\t\t\t\t\t\t<\/div>\n\t\t\t\t<\/div>\n\t\t\t\t<div class=\"elementor-element elementor-element-58a82f0 sc_fly_static elementor-widget elementor-widget-image\" data-id=\"58a82f0\" data-element_type=\"widget\" data-widget_type=\"image.default\">\n\t\t\t\t<div class=\"elementor-widget-container\">\n\t\t\t\t\t\t\t\t\t\t\t\t\t\t\t<img loading=\"lazy\" decoding=\"async\" width=\"1920\" height=\"1280\" src=\"https:\/\/www.doit.hr\/dev\/wp-content\/uploads\/2023\/11\/doit_djelatnosti_audio-video-portafonija.jpg\" class=\"attachment-full size-full wp-image-20154\" alt=\"\" srcset=\"https:\/\/www.doit.hr\/dev\/wp-content\/uploads\/2023\/11\/doit_djelatnosti_audio-video-portafonija.jpg 1920w, https:\/\/www.doit.hr\/dev\/wp-content\/uploads\/2023\/11\/doit_djelatnosti_audio-video-portafonija-300x200.jpg 300w, https:\/\/www.doit.hr\/dev\/wp-content\/uploads\/2023\/11\/doit_djelatnosti_audio-video-portafonija-1024x683.jpg 1024w, https:\/\/www.doit.hr\/dev\/wp-content\/uploads\/2023\/11\/doit_djelatnosti_audio-video-portafonija-768x512.jpg 768w, https:\/\/www.doit.hr\/dev\/wp-content\/uploads\/2023\/11\/doit_djelatnosti_audio-video-portafonija-1536x1024.jpg 1536w, https:\/\/www.doit.hr\/dev\/wp-content\/uploads\/2023\/11\/doit_djelatnosti_audio-video-portafonija-370x247.jpg 370w, https:\/\/www.doit.hr\/dev\/wp-content\/uploads\/2023\/11\/doit_djelatnosti_audio-video-portafonija-840x560.jpg 840w, https:\/\/www.doit.hr\/dev\/wp-content\/uploads\/2023\/11\/doit_djelatnosti_audio-video-portafonija-410x273.jpg 410w\" sizes=\"auto, (max-width: 1920px) 100vw, 1920px\" \/>\t\t\t\t\t\t\t\t\t\t\t\t\t\t\t<\/div>\n\t\t\t\t<\/div>\n\t\t\t\t<div class=\"elementor-element elementor-element-c3170a9 sc_fly_static elementor-widget elementor-widget-text-editor\" data-id=\"c3170a9\" data-element_type=\"widget\" data-widget_type=\"text-editor.default\">\n\t\t\t\t<div class=\"elementor-widget-container\">\n\t\t\t\t\t\t\t<p>Postoje razli\u010dite vrste portafonskih sustava i na\u010dini njihova rada, uklju\u010duju\u0107i:<\/p>\n<ol>\n<li>Audio portafonski sustav: Ovo je osnovna vrsta portafonskog sustava koja omogu\u0107uje dvosmjernu zvu\u010dnu komunikaciju izme\u0111u dviju to\u010daka. Koristi se tipi\u010dno za razmjenu glasovnih poruka izme\u0111u korisnika na vratima i unutar zgrade.<\/li>\n<li>Video portafonski sustav: Ova vrsta portafona omogu\u0107uje ne samo zvu\u010dnu, ve\u0107 i video komunikaciju. Na primjer, osoba unutar zgrade mo\u017ee vidjeti tko stoji pred vratima putem ugra\u0111ene kamere i razgovarati s njima.<\/li>\n<li>IP portafonski sustav: IP (Internet Protocol) portafonski sustav koristi mre\u017enu infrastrukturu za komunikaciju. To omogu\u0107uje daljinsku komunikaciju putem interneta, \u0161to je korisno za udaljene upravlja\u010de ili pra\u0107enje.<\/li>\n<li>Be\u017ei\u010dni portafonski sustav: Ovaj sustav radi putem be\u017ei\u010dnih komunikacija, kao \u0161to su Wi-Fi ili Bluetooth. To pru\u017ea ve\u0107u fleksibilnost u instalaciji i povezivanju ure\u0111aja.<\/li>\n<li>RFID portafonski sustav: Koristi RFID (Radio-Frequency Identification) tehnologiju za identifikaciju osoba koje pristupaju zgradi. Osoba mo\u017ee koristiti RFID karticu ili klju\u010d za pristup, \u0161to pove\u0107ava sigurnost.<\/li>\n<li>Touchscreen portafonski sustav: Ovaj sustav koristi dodirni zaslon za interakciju s korisnicima. Omogu\u0107uje lak\u0161e upravljanje i pristup dodatnim funkcijama.<\/li>\n<li>SIP portafonski sustav: Koristi SIP (Session Initiation Protocol) za uspostavu i upravljanje komunikacijom. Ovo je \u010desto kori\u0161teno u IP portafonskim sustavima.<\/li>\n<\/ol>\n<p>Na\u010dini rada portafonskih sustava ovise o specifi\u010dnim modelima i proizvo\u0111a\u010dima, ali op\u0107enito omogu\u0107uju interakciju izme\u0111u osoba na vratima i unutar zgrade putem zvuka, slike ili oba, koriste\u0107i razli\u010dite tehnologije za prenos podataka i kontrolu pristupa.<\/p><p><span style=\"font-size: 18px; background-color: var(--theme-color-bg_color); color: var(--theme-color-text); letter-spacing: 0.1px;\">Ugradnja video portafona u stambenu zgradu u Hrvatskoj mo\u017ee biti koristan korak za pobolj\u0161anje sigurnosti i komfora stanara. Evo nekoliko koraka koje trebate slijediti kako biste to postigli:<\/span><\/p>\n<ul>\n<li>Razgovarajte s upravom zgrade: Prije nego \u0161to krenete s ugradnjom, obratite se upravitelju zgrade ili vlasnicima stambenih jedinica kako biste dobili dopu\u0161tenje za instalaciju video portafona. Ovo je va\u017eno jer \u0107e se ugradnja odvijati na zajedni\u010dkim dijelovima zgrade.<\/li>\n<li>Izbor video portafona: Odaberite odgovaraju\u0107i video portafon za va\u0161e potrebe. Va\u017eno je uzeti u obzir faktore kao \u0161to su broj ulaza, funkcionalnosti (npr. no\u0107ni vid, snimanje), i prora\u010dun. Tako\u0111er, provjerite da li portafon odgovara elektri\u010dnim zahtjevima va\u0161eg objekta.<\/li>\n<li>Anga\u017eiranje stru\u010dnjaka: Za instalaciju video portafona najbolje je anga\u017eirati stru\u010dnjake. Prona\u0111ite elektri\u010dara ili tvrtku specijaliziranu za sigurnosne sustave koji su upoznati s lokalnim zakonima i standardima. Oni \u0107e vam pomo\u0107i da postavite sve komponente, uklju\u010duju\u0107i kameru, monitor i interfonsku opremu.<\/li>\n<li>Priklju\u010dak na elektri\u010dnu mre\u017eu: Video portafon \u0107e zahtijevati priklju\u010dak na elektri\u010dnu mre\u017eu. Elektri\u010dar \u0107e vam pomo\u0107i da to obavite sigurno i u skladu sa svim propisima.<\/li>\n<li>Pode\u0161avanje sustava: Nakon instalacije, stru\u010dnjak \u0107e vam pomo\u0107i da podesite video portafon kako bi radio ispravno. To uklju\u010duje postavljanje kamera, programiranje interfonskih ure\u0111aja i konfiguraciju monitora.<\/li>\n<li>Testiranje i obuka: Nakon instalacije i pode\u0161avanja, va\u017eno je testirati sustav kako biste bili sigurni da sve radi kako treba. Tako\u0111er, stanarima treba pru\u017eiti osnovnu obuku o tome kako koristiti video portafon.<\/li>\n<li>Odr\u017eavanje: Redovito odr\u017eavanje video portafona je va\u017eno kako biste osigurali njegovu dugotrajnost i u\u010dinkovitost. Pratite upute proizvo\u0111a\u010da i pozovite stru\u010dnjaka za popravke ili zamjenu dijelova ako je potrebno.<\/li>\n<li>Po\u0161tujte zakone i propise: Prilikom instalacije video portafona, va\u017eno je pridr\u017eavati se svih relevantnih zakona i propisa u Hrvatskoj koji se odnose na sigurnosne sustave i za\u0161titu privatnosti.<\/li>\n<\/ul>\n<p>Ugradnja video portafona mo\u017ee pobolj\u0161ati sigurnost i udobnost u stambenoj zgradi, ali je va\u017eno osigurati da se sve radi profesionalno i u skladu sa zakonima kako biste izbjegli potencijalne probleme.<\/p>\t\t\t\t\t\t<\/div>\n\t\t\t\t<\/div>\n\t\t\t\t<div class=\"elementor-element elementor-element-470a434 sc_fly_static elementor-widget elementor-widget-text-editor\" data-id=\"470a434\" data-element_type=\"widget\" data-widget_type=\"text-editor.default\">\n\t\t\t\t<div class=\"elementor-widget-container\">\n\t\t\t\t\t\t\t<p>Za vi\u0161e informacija vezano uz temu audio i video portafonija za poslovne prostore, ku\u0107e te stanove, slobodno nas kontaktirajte na <strong><a href=\"https:\/\/www.doit.hr\/kontakt\/\">info@doit.hr<\/a> ili <a href=\"tel:+38598798765\">+385 98 798 765<\/a><\/strong>.<\/p>\t\t\t\t\t\t<\/div>\n\t\t\t\t<\/div>\n\t\t\t\t<div class=\"elementor-element elementor-element-3eae228 sc_fly_static elementor-widget elementor-widget-trx_sc_button\" data-id=\"3eae228\" data-element_type=\"widget\" data-widget_type=\"trx_sc_button.default\">\n\t\t\t\t<div class=\"elementor-widget-container\">\n\t\t\t<div\tclass=\"sc_item_button sc_button_wrap sc_align_left\" ><a href=\"\/kontakt\/\" class=\"sc_button sc_button_shadow sc_button_hover sc_button_size_normal sc_button_with_icon sc_button_icon_right color_style_dark\" ><span class=\"sc_button_icon\"><span class=\"icon-phone\"><\/span><\/span><span class=\"sc_button_text\"><span class=\"sc_button_title\">Kontaktirajte nas<\/span><\/span><\/a><\/div>\t\t<\/div>\n\t\t\t\t<\/div>\n\t\t\t\t\t<\/div>\n\t\t<\/div>\n\t\t\t\t\t\t\t<\/div>\n\t\t<\/section>\n\t\t\t\t\t\t\t<\/div>\n\t\t","protected":false},"excerpt":{"rendered":"<p>Portafonski sustavi su komunikacijski sustavi koji omogu\u0107uju komunikaciju izme\u0111u osoba na razli\u010ditim to\u010dkama, poput vrata ili ulaza u zgradu. Postoje razli\u010dite vrste portafonskih sustava i na\u010dini njihova rada, uklju\u010duju\u0107i: Audio&hellip;<\/p>\n","protected":false},"author":1,"featured_media":0,"parent":19685,"menu_order":0,"comment_status":"closed","ping_status":"closed","template":"","meta":{"footnotes":""},"class_list":["post-20055","page","type-page","status-publish","hentry"],"_links":{"self":[{"href":"https:\/\/www.doit.hr\/dev\/wp-json\/wp\/v2\/pages\/20055","targetHints":{"allow":["GET"]}}],"collection":[{"href":"https:\/\/www.doit.hr\/dev\/wp-json\/wp\/v2\/pages"}],"about":[{"href":"https:\/\/www.doit.hr\/dev\/wp-json\/wp\/v2\/types\/page"}],"author":[{"embeddable":true,"href":"https:\/\/www.doit.hr\/dev\/wp-json\/wp\/v2\/users\/1"}],"replies":[{"embeddable":true,"href":"https:\/\/www.doit.hr\/dev\/wp-json\/wp\/v2\/comments?post=20055"}],"version-history":[{"count":13,"href":"https:\/\/www.doit.hr\/dev\/wp-json\/wp\/v2\/pages\/20055\/revisions"}],"predecessor-version":[{"id":20160,"href":"https:\/\/www.doit.hr\/dev\/wp-json\/wp\/v2\/pages\/20055\/revisions\/20160"}],"up":[{"embeddable":true,"href":"https:\/\/www.doit.hr\/dev\/wp-json\/wp\/v2\/pages\/19685"}],"wp:attachment":[{"href":"https:\/\/www.doit.hr\/dev\/wp-json\/wp\/v2\/media?parent=20055"}],"curies":[{"name":"wp","href":"https:\/\/api.w.org\/{rel}","templated":true}]}}