{"id":20076,"date":"2023-11-01T19:02:36","date_gmt":"2023-11-01T18:02:36","guid":{"rendered":"https:\/\/www.doit.hr\/dev\/?page_id=20076"},"modified":"2023-11-04T16:48:44","modified_gmt":"2023-11-04T15:48:44","slug":"izrada-projektne-dokumentacije","status":"publish","type":"page","link":"https:\/\/www.doit.hr\/dev\/nase-djelatnosti\/izrada-projektne-dokumentacije\/","title":{"rendered":"Izrada projektne dokumentacije"},"content":{"rendered":"\t\t<div data-elementor-type=\"wp-page\" data-elementor-id=\"20076\" class=\"elementor elementor-20076\">\n\t\t\t\t\t\t\t\t\t<section class=\"elementor-section elementor-top-section elementor-element elementor-element-9fc2fab elementor-section-boxed elementor-section-height-default elementor-section-height-default sc_fly_static\" data-id=\"9fc2fab\" data-element_type=\"section\">\n\t\t\t\t\t\t<div class=\"elementor-container elementor-column-gap-extended\">\n\t\t\t\t\t<div class=\"elementor-column elementor-col-100 elementor-top-column elementor-element elementor-element-7b885de sc_inner_width_none sc_content_align_inherit sc_layouts_column_icons_position_left sc_fly_static\" data-id=\"7b885de\" data-element_type=\"column\">\n\t\t\t<div class=\"elementor-widget-wrap elementor-element-populated\">\n\t\t\t\t\t\t\t\t<div class=\"elementor-element elementor-element-f65a8e8 sc_fly_static elementor-widget elementor-widget-text-editor\" data-id=\"f65a8e8\" data-element_type=\"widget\" data-widget_type=\"text-editor.default\">\n\t\t\t\t<div class=\"elementor-widget-container\">\n\t\t\t\t\t\t\t<p>Izrada projektne dokumentacije za video nadzor u Hrvatskoj zahtijeva po\u0161tivanje odre\u0111enih zakonskih i tehni\u010dkih zahtjeva.\u00a0U procesu izrade projektne dokumentacije za video nadzor, vrlo je va\u017eno sura\u0111ivati s pravnicima i stru\u010dnjacima za sigurnost kako biste osigurali da va\u0161 projekt bude u skladu sa svim zakonima i najboljim praksama za\u0161tite podataka.<\/p>\t\t\t\t\t\t<\/div>\n\t\t\t\t<\/div>\n\t\t\t\t<div class=\"elementor-element elementor-element-2bc0b55 sc_fly_static elementor-widget elementor-widget-image\" data-id=\"2bc0b55\" data-element_type=\"widget\" data-widget_type=\"image.default\">\n\t\t\t\t<div class=\"elementor-widget-container\">\n\t\t\t\t\t\t\t\t\t\t\t\t\t\t\t<img loading=\"lazy\" decoding=\"async\" width=\"1920\" height=\"1280\" src=\"https:\/\/www.doit.hr\/dev\/wp-content\/uploads\/2023\/11\/doit_djelatnosti_projektna_dokumentacija.jpg\" class=\"attachment-full size-full wp-image-20184\" alt=\"\" srcset=\"https:\/\/www.doit.hr\/dev\/wp-content\/uploads\/2023\/11\/doit_djelatnosti_projektna_dokumentacija.jpg 1920w, https:\/\/www.doit.hr\/dev\/wp-content\/uploads\/2023\/11\/doit_djelatnosti_projektna_dokumentacija-300x200.jpg 300w, https:\/\/www.doit.hr\/dev\/wp-content\/uploads\/2023\/11\/doit_djelatnosti_projektna_dokumentacija-1024x683.jpg 1024w, https:\/\/www.doit.hr\/dev\/wp-content\/uploads\/2023\/11\/doit_djelatnosti_projektna_dokumentacija-768x512.jpg 768w, https:\/\/www.doit.hr\/dev\/wp-content\/uploads\/2023\/11\/doit_djelatnosti_projektna_dokumentacija-1536x1024.jpg 1536w, https:\/\/www.doit.hr\/dev\/wp-content\/uploads\/2023\/11\/doit_djelatnosti_projektna_dokumentacija-370x247.jpg 370w, https:\/\/www.doit.hr\/dev\/wp-content\/uploads\/2023\/11\/doit_djelatnosti_projektna_dokumentacija-840x560.jpg 840w, https:\/\/www.doit.hr\/dev\/wp-content\/uploads\/2023\/11\/doit_djelatnosti_projektna_dokumentacija-410x273.jpg 410w\" sizes=\"auto, (max-width: 1920px) 100vw, 1920px\" \/>\t\t\t\t\t\t\t\t\t\t\t\t\t\t\t<\/div>\n\t\t\t\t<\/div>\n\t\t\t\t<div class=\"elementor-element elementor-element-5b7bae4 sc_fly_static elementor-widget elementor-widget-text-editor\" data-id=\"5b7bae4\" data-element_type=\"widget\" data-widget_type=\"text-editor.default\">\n\t\t\t\t<div class=\"elementor-widget-container\">\n\t\t\t\t\t\t\t<p>Projektna dokumentacija za video nadzor u stambenoj zgradi obi\u010dno se sastoji od razli\u010ditih elemenata kako bi se detaljno opisala instalacija i implementacija sistema video nadzora. Evo osnovnih komponenata koje bi trebalo da sadr\u017ei:<\/p><ul><li>Tehni\u010dki opis: Ovdje se opisuje op\u0107i koncept video nadzora, uklju\u010duju\u0107i svrhu sistema, broj kamera, lokacije postavljanja kamera, vrstu opreme koja \u0107e se koristiti (kamere, snima\u010di, kabli, itd.), i druge tehni\u010dke karakteristike.<\/li><li>Skica ili plan postavljanja kamera: Ovo je grafi\u010dki prikaz stambene zgrade sa ozna\u010denim mjestima na kojima \u0107e biti postavljene kamere.<\/li><li>Specifikacija opreme: Detaljan popis svih komponenti sistema video nadzora, uklju\u010duju\u0107i modele kamera, snima\u010da, hardverske i softverske komponente kao i sve druge opreme koja \u0107e se koristiti.<\/li><li>Planiranje kablovske infrastrukture: Ovdje se opisuje kako \u0107e se postaviti kablovi za povezivanje kamera sa snima\u010dem kao i svi detalji o vrsti kablova, njihovoj du\u017eini i na\u010dinu postavljanja.<\/li><li>Planiranje napajanja: Specifikacija kako \u0107e se kamere i druge komponente sistema napajati elektri\u010dnom energijom, uklju\u010duju\u0107i informacije o potrebnim napajanjima i rezervnim izvorima napajanja.<\/li><li>Mjere sigurnosti i privatnosti: Opis svih mjera koje \u0107e biti poduzete kako bi se osigurala za\u0161tita podataka i privatnosti stanara kao i mjere za\u0161tite sistema od neovla\u0161tenog pristupa.<\/li><li>Detaljan bud\u017eet: Financijski plan koji obuhva\u0107a tro\u0161kove opreme, instalacije, odr\u017eavanja i svih drugih povezanih tro\u0161kova.<\/li><li>Zakonodavni i regulatorni zahtjevi: Analiza svih zakona i regulativa koje se odnose na video nadzor u stambenim zgradama i kako \u0107e se projekt pridr\u017eavati tih zahtjeva.<\/li><li>Raspored implementacije: Planiranje vremenskog okvira za instalaciju sistema, uklju\u010duju\u0107i rokove za svaku fazu projekta.<\/li><li>Odgovornosti i nadle\u017enosti: Definiranje uloga i odgovornosti svih osoba i entiteta koji su uklju\u010deni u projekt, uklju\u010duju\u0107i instalatere, administratora sistema i upravnika zgrade.<\/li><li>Testiranje i odr\u017eavanje: Plan za testiranje sistema nakon instalacije kao i rutinski plan odr\u017eavanja sistema.<\/li><li>Dokumentacija proizvo\u0111a\u010da: Uklju\u010divanje tehni\u010dke dokumentacije za svu opremu koja \u0107e se koristiti kao i garancijske informacije.<\/li><li>Kontakt informacije: Kontakt podaci za sve relevantne osobe i firme koje su uklju\u010dene u projekt kako bi se omogu\u0107ila komunikacija tokom i nakon instalacije.<\/li><\/ul><p>Ova projektna dokumentacija treba biti detaljna i precizna kako bi se osiguralo pravilno planiranje, implementacija i odr\u017eavanje sistema video nadzora u stambenoj zgradi, uz po\u0161tovanje svih relevantnih zakona i propisa.<\/p>\t\t\t\t\t\t<\/div>\n\t\t\t\t<\/div>\n\t\t\t\t<div class=\"elementor-element elementor-element-1b742f9 sc_fly_static elementor-widget elementor-widget-text-editor\" data-id=\"1b742f9\" data-element_type=\"widget\" data-widget_type=\"text-editor.default\">\n\t\t\t\t<div class=\"elementor-widget-container\">\n\t\t\t\t\t\t\t<p>Za vi\u0161e informacija vezano uz temu izrada projektne dokumentacije za poslovne prostore, ku\u0107e i stanove, slobodno nas kontaktirajte na <strong><a href=\"https:\/\/www.doit.hr\/kontakt\/\">info@doit.hr<\/a> ili <a href=\"tel:+38598798765\">+385 98 798 765<\/a><\/strong>.<\/p>\t\t\t\t\t\t<\/div>\n\t\t\t\t<\/div>\n\t\t\t\t<div class=\"elementor-element elementor-element-7dd3f4a sc_fly_static elementor-widget elementor-widget-trx_sc_button\" data-id=\"7dd3f4a\" data-element_type=\"widget\" data-widget_type=\"trx_sc_button.default\">\n\t\t\t\t<div class=\"elementor-widget-container\">\n\t\t\t<div\tclass=\"sc_item_button sc_button_wrap sc_align_left\" ><a href=\"\/kontakt\/\" class=\"sc_button sc_button_shadow sc_button_hover sc_button_size_normal sc_button_with_icon sc_button_icon_right color_style_dark\" ><span class=\"sc_button_icon\"><span class=\"icon-phone\"><\/span><\/span><span class=\"sc_button_text\"><span class=\"sc_button_title\">Kontaktirajte nas<\/span><\/span><\/a><\/div>\t\t<\/div>\n\t\t\t\t<\/div>\n\t\t\t\t\t<\/div>\n\t\t<\/div>\n\t\t\t\t\t\t\t<\/div>\n\t\t<\/section>\n\t\t\t\t\t\t\t<\/div>\n\t\t","protected":false},"excerpt":{"rendered":"<p>Izrada projektne dokumentacije za video nadzor u Hrvatskoj zahtijeva po\u0161tivanje odre\u0111enih zakonskih i tehni\u010dkih zahtjeva.\u00a0U procesu izrade projektne dokumentacije za video nadzor, vrlo je va\u017eno sura\u0111ivati s pravnicima i stru\u010dnjacima&hellip;<\/p>\n","protected":false},"author":1,"featured_media":0,"parent":19685,"menu_order":0,"comment_status":"closed","ping_status":"closed","template":"","meta":{"footnotes":""},"class_list":["post-20076","page","type-page","status-publish","hentry"],"_links":{"self":[{"href":"https:\/\/www.doit.hr\/dev\/wp-json\/wp\/v2\/pages\/20076","targetHints":{"allow":["GET"]}}],"collection":[{"href":"https:\/\/www.doit.hr\/dev\/wp-json\/wp\/v2\/pages"}],"about":[{"href":"https:\/\/www.doit.hr\/dev\/wp-json\/wp\/v2\/types\/page"}],"author":[{"embeddable":true,"href":"https:\/\/www.doit.hr\/dev\/wp-json\/wp\/v2\/users\/1"}],"replies":[{"embeddable":true,"href":"https:\/\/www.doit.hr\/dev\/wp-json\/wp\/v2\/comments?post=20076"}],"version-history":[{"count":10,"href":"https:\/\/www.doit.hr\/dev\/wp-json\/wp\/v2\/pages\/20076\/revisions"}],"predecessor-version":[{"id":20190,"href":"https:\/\/www.doit.hr\/dev\/wp-json\/wp\/v2\/pages\/20076\/revisions\/20190"}],"up":[{"embeddable":true,"href":"https:\/\/www.doit.hr\/dev\/wp-json\/wp\/v2\/pages\/19685"}],"wp:attachment":[{"href":"https:\/\/www.doit.hr\/dev\/wp-json\/wp\/v2\/media?parent=20076"}],"curies":[{"name":"wp","href":"https:\/\/api.w.org\/{rel}","templated":true}]}}