{"id":20091,"date":"2023-11-01T19:05:38","date_gmt":"2023-11-01T18:05:38","guid":{"rendered":"https:\/\/www.doit.hr\/dev\/?page_id=20091"},"modified":"2023-11-04T16:39:02","modified_gmt":"2023-11-04T15:39:02","slug":"parkirne-rampe-i-barijere","status":"publish","type":"page","link":"https:\/\/www.doit.hr\/dev\/nase-djelatnosti\/parkirne-rampe-i-barijere\/","title":{"rendered":"Parkirne rampe i barijere"},"content":{"rendered":"\t\t<div data-elementor-type=\"wp-page\" data-elementor-id=\"20091\" class=\"elementor elementor-20091\">\n\t\t\t\t\t\t\t\t\t<section class=\"elementor-section elementor-top-section elementor-element elementor-element-fd9926b elementor-section-boxed elementor-section-height-default elementor-section-height-default sc_fly_static\" data-id=\"fd9926b\" data-element_type=\"section\">\n\t\t\t\t\t\t<div class=\"elementor-container elementor-column-gap-extended\">\n\t\t\t\t\t<div class=\"elementor-column elementor-col-100 elementor-top-column elementor-element elementor-element-c570cd8 sc_inner_width_none sc_content_align_inherit sc_layouts_column_icons_position_left sc_fly_static\" data-id=\"c570cd8\" data-element_type=\"column\">\n\t\t\t<div class=\"elementor-widget-wrap elementor-element-populated\">\n\t\t\t\t\t\t\t\t<div class=\"elementor-element elementor-element-eac2fa4 sc_fly_static elementor-widget elementor-widget-text-editor\" data-id=\"eac2fa4\" data-element_type=\"widget\" data-widget_type=\"text-editor.default\">\n\t\t\t\t<div class=\"elementor-widget-container\">\n\t\t\t\t\t\t\t<p>Elektri\u010dno otvaranje ograde je sustav koji omogu\u0107uje automatsko otvaranje i zatvaranje ograde pomo\u0107u elektri\u010dnog motora i daljinskog upravlja\u010da, senzora ili drugih kontrola. Ovaj sustav \u010dini pristup va\u0161em dvori\u0161tu, poslovnom prostoru ili drugoj lokaciji prakti\u010dnijim i sigurnijim.<\/p>\t\t\t\t\t\t<\/div>\n\t\t\t\t<\/div>\n\t\t\t\t<div class=\"elementor-element elementor-element-064aac0 sc_fly_static elementor-widget elementor-widget-image\" data-id=\"064aac0\" data-element_type=\"widget\" data-widget_type=\"image.default\">\n\t\t\t\t<div class=\"elementor-widget-container\">\n\t\t\t\t\t\t\t\t\t\t\t\t\t\t\t<img loading=\"lazy\" decoding=\"async\" width=\"1920\" height=\"1280\" src=\"https:\/\/www.doit.hr\/dev\/wp-content\/uploads\/2023\/11\/doit_djelatnosti_parkirne_rampe_barijere.jpg\" class=\"attachment-full size-full wp-image-20169\" alt=\"\" srcset=\"https:\/\/www.doit.hr\/dev\/wp-content\/uploads\/2023\/11\/doit_djelatnosti_parkirne_rampe_barijere.jpg 1920w, https:\/\/www.doit.hr\/dev\/wp-content\/uploads\/2023\/11\/doit_djelatnosti_parkirne_rampe_barijere-300x200.jpg 300w, https:\/\/www.doit.hr\/dev\/wp-content\/uploads\/2023\/11\/doit_djelatnosti_parkirne_rampe_barijere-1024x683.jpg 1024w, https:\/\/www.doit.hr\/dev\/wp-content\/uploads\/2023\/11\/doit_djelatnosti_parkirne_rampe_barijere-768x512.jpg 768w, https:\/\/www.doit.hr\/dev\/wp-content\/uploads\/2023\/11\/doit_djelatnosti_parkirne_rampe_barijere-1536x1024.jpg 1536w, https:\/\/www.doit.hr\/dev\/wp-content\/uploads\/2023\/11\/doit_djelatnosti_parkirne_rampe_barijere-370x247.jpg 370w, https:\/\/www.doit.hr\/dev\/wp-content\/uploads\/2023\/11\/doit_djelatnosti_parkirne_rampe_barijere-840x560.jpg 840w, https:\/\/www.doit.hr\/dev\/wp-content\/uploads\/2023\/11\/doit_djelatnosti_parkirne_rampe_barijere-410x273.jpg 410w\" sizes=\"auto, (max-width: 1920px) 100vw, 1920px\" \/>\t\t\t\t\t\t\t\t\t\t\t\t\t\t\t<\/div>\n\t\t\t\t<\/div>\n\t\t\t\t<div class=\"elementor-element elementor-element-7e7f30f sc_fly_static elementor-widget elementor-widget-text-editor\" data-id=\"7e7f30f\" data-element_type=\"widget\" data-widget_type=\"text-editor.default\">\n\t\t\t\t<div class=\"elementor-widget-container\">\n\t\t\t\t\t\t\t<p>Evo kako obi\u010dno radi elektri\u010dno otvaranje ograde:<\/p>\n<ol>\n<li><strong>Motor za ogradu<\/strong>: Na samoj ogradi postavlja se motor koji je odgovoran za otvaranje i zatvaranje ograde. Motor je elektri\u010dni ure\u0111aj koji se pokre\u0107e kada primi signal za otvaranje ili zatvaranje.<\/li>\n<li><strong>Kontrole<\/strong>: Postoje razli\u010dite metode kontrole elektri\u010dnog otvaranja ograde. To mo\u017ee uklju\u010divati:\n<ul>\n<li><strong>Daljinski upravlja\u010d<\/strong>: Ve\u0107ina korisnika koristi daljinski upravlja\u010d s kojim mogu jednostavno otvoriti ili zatvoriti ogradu iz vozila ili udobnosti svog doma.<\/li>\n<li><strong>Senzori<\/strong>: Senzori prepreka obi\u010dno su ugra\u0111eni kako bi sprije\u010dili ozljede ili o\u0161te\u0107enje. Ako senzori detektiraju prepreku (npr. vozilo ili osoba), motor \u0107e automatski zaustaviti pokret ograde.<\/li>\n<li><strong>Tipkovnice ili karti\u010dki sustavi<\/strong>: Neki sustavi omogu\u0107uju pristup putem unosa koda na tipkovnici ili kori\u0161tenjem kartica.<\/li>\n<li><strong>Pametni telefoni ili mobilne aplikacije<\/strong>: Moderni sustavi omogu\u0107uju upravljanje ogradom putem pametnih telefona putem posebnih mobilnih aplikacija.<\/li>\n<\/ul>\n<\/li>\n<li><strong>Sigurnost<\/strong>: Elektri\u010dno otvaranje ograde obi\u010dno ima ugra\u0111ene sigurnosne zna\u010dajke kako bi se sprije\u010dile nesre\u0107e ili ozljede. To uklju\u010duje senzore prepreka, zaustavljanje u slu\u010daju prepreke, i mogu\u0107nost brze evakuacije u hitnim situacijama.<\/li>\n<li><strong>Napajanje<\/strong>: Elektri\u010dno otvaranje ograde obi\u010dno zahtijeva elektri\u010dno napajanje. Ovisno o sustavu, mo\u017ee se koristiti obi\u010dna mre\u017ena struja, baterije ili \u010dak solarni paneli za napajanje.<\/li>\n<\/ol>\n<p>Elektri\u010dno otvaranje ograde \u010dini pristup imovini jednostavnim, a istovremeno pove\u0107ava sigurnost i privatnost. Va\u017eno je da se sustav instalira i odr\u017eava od strane profesionalaca kako bi se osiguralo ispravno funkcioniranje i trajnost.<\/p>\n<p><\/p>\n<p>Parkirne barijere su ure\u0111aji koji se koriste za kontrolu pristupa parkirali\u0161tima ili za regulaciju prometa unutar parkirnih prostora. Postoje razli\u010dite vrste parkirnih barijera i na\u010dini njihovog rada. Evo nekoliko primjera:<\/p>\n<ol>\n<li><strong>Mehani\u010dke parkirne barijere<\/strong>: Ove barijere se obi\u010dno otvaraju i zatvaraju pomo\u0107u mehani\u010dkih mehanizama, kao \u0161to su lanac, rampa ili vodoravna pre\u010dka. Koriste se \u010desto na manjim parkirali\u0161tima ili privatnim prostorima.<\/li>\n<li><strong>Elektri\u010dne parkirne barijere<\/strong>: Elektri\u010dne barijere se kontroliraju pomo\u0107u elektri\u010dnih motora. One se mogu podizati ili spu\u0161tati pomo\u0107u daljinskog upravlja\u010da, kartice za pristup, ili drugih elektroni\u010dkih sistema. Ovo je \u010de\u0161\u0107i izbor na komercijalnim parkirali\u0161tima.<\/li>\n<li><strong>Automatske parkirne barijere<\/strong>: Ove barijere koriste senzore ili kamere za automatsko prepoznavanje vozila i otvaraju se kada vozilo pristupi. Automatske barijere su efikasne za brzi protok vozila na velikim parkirali\u0161tima.<\/li>\n<li><strong>Pneumatske parkirne barijere<\/strong>: Pneumatske barijere koriste komprimirani zrak za podizanje i spu\u0161tanje pre\u010dke. One su tihe i brze, \u0161to ih \u010dini dobrim izborom za parkirali\u0161ta u blizini stambenih prostora.<\/li>\n<li><strong>Hydraulic Parkirne barijere<\/strong>: Ove barijere koriste hidrauli\u010dni sistem za podizanje i spu\u0161tanje pre\u010dke. One su \u010desto izdr\u017eljive i pogodne za komercijalna i industrijska parkirali\u0161ta.<\/li>\n<\/ol>\n<p>Na\u010din rada parkirnih barijera mo\u017ee varirati ovisno o vrsti barijere i sustavu koji se koristi. Osnovna svrha im je kontrolirati pristup parkirali\u0161tu ili regulirati protok vozila unutar njega, smanjuju\u0107i mogu\u0107nost neovla\u0161tenog pristupa i pove\u0107avaju\u0107i sigurnost parkirali\u0161ta.<\/p>\n<p>Motori za ograde su elektri\u010dni ure\u0111aji koji se koriste za otvaranje i zatvaranje vrata ili ograda. Oni \u010dine automatsko upravljanje ogradama jednostavnim i udobnim. Evo nekoliko klju\u010dnih informacija o motorima za ograde:<\/p>\n<ol>\n<li><strong>Vrste motora za ograde:<\/strong> Postoje razli\u010dite vrste motora za ograde, uklju\u010duju\u0107i motore za klizne kapije, motore za krilne kapije, motore za rolo vrata, i druge. Odabir prave vrste motora ovisi o vrsti i veli\u010dini ograde te o va\u0161im potrebama.<\/li>\n<li><strong>Automatizacija i daljinsko upravljanje:<\/strong> Motori za ograde omogu\u0107uju automatizaciju otvaranja i zatvaranja vrata ili ograda. \u010cesto se kontroliraju pomo\u0107u daljinskih upravlja\u010da, klju\u010deva, kartica ili \u010dak mobilnih aplikacija.<\/li>\n<li><strong>Sigurnost<\/strong>: Ve\u0107ina modernih motora za ograde ima ugra\u0111ene sigurnosne zna\u010dajke kako bi sprije\u010dili ozljede ili o\u0161te\u0107enje imovine. To mo\u017ee uklju\u010divati senzore prepreka koji zaustavljaju motor ako se ne\u0161to nalazi ispred vrata ili ograda.<\/li>\n<li><strong>Instalacija i odr\u017eavanje:<\/strong> Instalacija motora za ograde obi\u010dno zahtijeva profesionalca kako bi osigurali ispravno funkcioniranje i sigurnost. Redovito odr\u017eavanje tako\u0111er mo\u017ee produ\u017eiti \u017eivotni vijek motora.<\/li>\n<li><strong>Napajanje:<\/strong> Motori za ograde obi\u010dno zahtijevaju elektri\u010dno napajanje. Mogu se napajati iz obi\u010dne elektri\u010dne mre\u017ee ili putem baterija, solarnih panela ili drugih izvora energije, ovisno o konkretnim potrebama.<\/li>\n<li><strong>Prilagodljivost i dodatne zna\u010dajke:<\/strong> Neki motori za ograde dolaze s dodatnim zna\u010dajkama poput mogu\u0107nosti integracije s pametnim ku\u0107nim sustavima, snimanjem videozapisa ili pra\u0107enjem pristupa.<\/li>\n<\/ol>\n<p>Motori za ograde \u010desto se koriste kako bi se pove\u0107ala sigurnost, privatnost i prakti\u010dnost pristupa imovini ili objektu. Pri odabiru motora za ogradu va\u017eno je uzeti u obzir veli\u010dinu i te\u017einu vrata ili ograde, okolinu i uvjete kori\u0161tenja kako biste odabrali pravu opciju za va\u0161e potrebe.<\/p>\t\t\t\t\t\t<\/div>\n\t\t\t\t<\/div>\n\t\t\t\t<div class=\"elementor-element elementor-element-12be08a sc_fly_static elementor-widget elementor-widget-text-editor\" data-id=\"12be08a\" data-element_type=\"widget\" data-widget_type=\"text-editor.default\">\n\t\t\t\t<div class=\"elementor-widget-container\">\n\t\t\t\t\t\t\t<p>Za vi\u0161e informacija vezano uz temu parkirne rampe i barijere za poslovne prostore, ku\u0107e te stanove, slobodno nas kontaktirajte na <strong><a href=\"https:\/\/www.doit.hr\/kontakt\/\">info@doit.hr<\/a> ili <a href=\"tel:+38598798765\">+385 98 798 765<\/a><\/strong>.<\/p>\t\t\t\t\t\t<\/div>\n\t\t\t\t<\/div>\n\t\t\t\t<div class=\"elementor-element elementor-element-732c516 sc_fly_static elementor-widget elementor-widget-trx_sc_button\" data-id=\"732c516\" data-element_type=\"widget\" data-widget_type=\"trx_sc_button.default\">\n\t\t\t\t<div class=\"elementor-widget-container\">\n\t\t\t<div\tclass=\"sc_item_button sc_button_wrap sc_align_left\" ><a href=\"\/kontakt\/\" class=\"sc_button sc_button_shadow sc_button_hover sc_button_size_normal sc_button_with_icon sc_button_icon_right color_style_dark\" ><span class=\"sc_button_icon\"><span class=\"icon-phone\"><\/span><\/span><span class=\"sc_button_text\"><span class=\"sc_button_title\">Kontaktirajte nas<\/span><\/span><\/a><\/div>\t\t<\/div>\n\t\t\t\t<\/div>\n\t\t\t\t\t<\/div>\n\t\t<\/div>\n\t\t\t\t\t\t\t<\/div>\n\t\t<\/section>\n\t\t\t\t\t\t\t<\/div>\n\t\t","protected":false},"excerpt":{"rendered":"<p>Elektri\u010dno otvaranje ograde je sustav koji omogu\u0107uje automatsko otvaranje i zatvaranje ograde pomo\u0107u elektri\u010dnog motora i daljinskog upravlja\u010da, senzora ili drugih kontrola. Ovaj sustav \u010dini pristup va\u0161em dvori\u0161tu, poslovnom prostoru&hellip;<\/p>\n","protected":false},"author":1,"featured_media":0,"parent":19685,"menu_order":0,"comment_status":"closed","ping_status":"closed","template":"","meta":{"footnotes":""},"class_list":["post-20091","page","type-page","status-publish","hentry"],"_links":{"self":[{"href":"https:\/\/www.doit.hr\/dev\/wp-json\/wp\/v2\/pages\/20091","targetHints":{"allow":["GET"]}}],"collection":[{"href":"https:\/\/www.doit.hr\/dev\/wp-json\/wp\/v2\/pages"}],"about":[{"href":"https:\/\/www.doit.hr\/dev\/wp-json\/wp\/v2\/types\/page"}],"author":[{"embeddable":true,"href":"https:\/\/www.doit.hr\/dev\/wp-json\/wp\/v2\/users\/1"}],"replies":[{"embeddable":true,"href":"https:\/\/www.doit.hr\/dev\/wp-json\/wp\/v2\/comments?post=20091"}],"version-history":[{"count":10,"href":"https:\/\/www.doit.hr\/dev\/wp-json\/wp\/v2\/pages\/20091\/revisions"}],"predecessor-version":[{"id":20175,"href":"https:\/\/www.doit.hr\/dev\/wp-json\/wp\/v2\/pages\/20091\/revisions\/20175"}],"up":[{"embeddable":true,"href":"https:\/\/www.doit.hr\/dev\/wp-json\/wp\/v2\/pages\/19685"}],"wp:attachment":[{"href":"https:\/\/www.doit.hr\/dev\/wp-json\/wp\/v2\/media?parent=20091"}],"curies":[{"name":"wp","href":"https:\/\/api.w.org\/{rel}","templated":true}]}}